se 15, what is -a - 3?
-d
In base 3, what is -20 - -11111?
11021
In base 13, what is 855 + 7?
85c
In base 15, what is 1c + 7?
24
In base 6, what is -2 - -10134?
10132
In base 5, what is 244 + 30?
324
In base 13, what is 2c5 - 14?
2b1
In base 15, what is 1d - 2?
1b
In base 3, what is -102021 - 10?
-102101
In base 14, what is -3 - 27cd?
-27d2
In base 2, what is -11 - 111000000?
-111000011
In base 10, what is 132 - 0?
132
In base 14, what is -5 - -85c?
857
In base 14, what is -2 + 14?
12
In base 11, what is 116 + -8?
109
In base 3, what is 20201 + -202?
12222
In base 4, what is 11 + 33113?
33130
In base 10, what is -4497 + 1?
-4496
In base 5, what is 10434 + -12?
10422
In base 6, what is -30 - -230?
200
In base 3, what is -2021 - -12210?
10112
In base 13, what is 23 + 1b3?
206
In base 12, what is -5 - -a0?
97
In base 14, what is 6 - 180?
-178
In base 13, what is 2cc + 1?
300
In base 3, what is -212222221 + 2?
-212222212
In base 7, what is -10444 + 5?
-10436
In base 8, what is 1063 + 1?
1064
In base 11, what is -585 - -4?
-581
In base 6, what is -3314 - -1?
-3313
In base 13, what is 1 + -22?
-21
In base 4, what is -10020 + 132?
-3222
In base 15, what is 2d - -39?
67
In base 13, what is -3 + 462?
45c
In base 4, what is 122112 + 11?
122123
In base 16, what is 15 - 10?
5
In base 12, what is 9448 + -5?
9443
In base 16, what is -1 + 12e?
12d
In base 5, what is 133322 - 2?
133320
In base 6, what is -142 + -45?
-231
In base 16, what is 4 + 172c?
1730
In base 11, what is -6 + -1685?
-1690
In base 7, what is -2 + 0?
-2
In base 3, what is 2 + 10202?
10211
In base 12, what is 113 - -5?
118
In base 15, what is -304 + -1?
-305
In base 2, what is -110011111011 + 10?
-110011111001
In base 11, what is 1 + 3?
4
In base 3, what is 2 - -2110022?
2110101
In base 6, what is 14 - 111?
-53
In base 15, what is -1090 + -5?
-1095
In base 9, what is -5 + -1078?
-1084
In base 14, what is -4d - 6?
-55
In base 8, what is 2010 + 3?
2013
In base 14, what is -118 + -7?
-121
In base 14, what is ca - 9?
c1
In base 2, what is -110 - 111?
-1101
In base 4, what is 13133 + 0?
13133
In base 6, what is -52 + -2?
-54
In base 10, what is -1 - -568?
567
In base 15, what is -ed + -14?
-112
In base 14, what is 1 + -32a?
-329
In base 11, what is -381 + 10?
-371
In base 4, what is 3002 - -2?
3010
In base 7, what is -11441 - -4?
-11434
In base 2, what is -110 + 1101101001?
1101100011
In base 7, what is 36531 + -4?
36524
In base 9, what is -342 + -3?
-345
In base 9, what is 168 + -1?
167
In base 4, what is 10130 + -10?
10120
In base 10, what is 11 + -1321?
-1310
In base 15, what is 23 + -111?
-dd
In base 12, what is 29a + -1?
299
In base 11, what is 100 - 6?
a5
In base 6, what is -5 - -1055?
1050
In base 9, what is 2 + -60?
-57
In base 3, what is -2 - 2012?
-2021
In base 7, what is 3 + -24425?
-24422
In base 11, what is -22 - -15?
-8
In base 2, what is -1 - -101110110?
101110101
In base 3, what is -11 + -1211?
-1222
In base 4, what is -2 - -2233?
2231
In base 9, what is -514 - -5?
-508
In base 5, what is 122 + 14?
141
In base 5, what is -1 + -12400?
-12401
In base 5, what is 20 - 203?
-133
In base 3, what is -20022212 - -2?
-20022210
In base 2, what is 111 + 110?
1101
In base 2, what is -10 - -100100111?
100100101
In base 5, what is 114 + -130?
-11
In base 2, what is -11001 - -10000?
-1001
In base 16, what is -2 - -f?
d
In base 3, what is 11010202 + -11?
11010121
In base 5, what is 3 + -1141?
-1133
In base 2, what is -1000 + -1000110000?
-1000111000
In base 9, what is 60 + -5?
54
In base 6, what is 4 - 3320?
-3312
In base 6, what is 15 - 12?
3
In base 3, what is -1 - -10200?
10122
In base 13, what is -13 + 5?
-b
In base 6, what is 1 - 1324?
-1323
In base 12, what is -22 + -b6?
-118
In base 7, what is 105 - -110?
215
In base 16, what is 4 + 890?
894
In base 4, what is 11 - -303230?
303301
In base 10, what is 354 + 8?
362
In base 16, what is -4 - 135f?
-1363
In base 7, what is -2 - -104?
102
In base 9, what is -15758 + 3?
-15755
In base 2, what is -1101 - -100?
-1001
In base 6, what is -2 + -224?
-230
In base 8, what is 5 - 1263?
-1256
In base 10, what is -477 + -14?
-491
In base 7, what is 3 + 125?
131
In base 6, what is 551 - -1?
552
In base 12, what is -4 + 8?
4
In base 9, what is -5 + 146?
141
In base 15, what is -4 + -1303?
-1307
In base 5, what is -3333 + -10?
-3343
In base 2, what is 100 + -1000001010?
-1000000110
In base 2, what is -1111000 - 11000?
-10010000
In base 12, what is 5 - -17a?
183
In base 9, what is 76 + 44?
131
In base 15, what is -4a - -4?
-46
In base 12, what is 1154 + 2?
1156
In base 5, what is -2 + -144?
-201
In base 13, what is -4 + 14?
10
In base 16, what is 13e - 10?
12e
In base 3, what is 11 + -10122211?
-10122200
In base 12, what is 1 - 107?
-106
In base 7, what is -2 - 1201?
-1203
In base 10, what is -2 + -8242?
-8244
In base 12, what is -413 + 4?
-40b
In base 6, what is -23 + 2?
-21
In base 9, what is -181 - 2?
-183
In base 11, what is -1 - 566?
-567
In base 6, what is -23 - -2030?
2003
In base 10, what is 4 - -601?
605
In base 13, what is -91a + 3?
-917
In base 16, what is -2 + -34?
-36
In base 13, what is 4 - a8?
-a4
In base 5, what is -10 - 132?
-142
In base 2, what is -1 + 1111110000?
1111101111
In base 11, what is -2 + 122?
120
In base 10, what is -4 - -986?
982
In base 13, what is 5 + -b9?
-b4
In base 13, what is 0 - 9?
-9
In base 9, what is -2 + -2654?
-2656
In base 9, what is -2 - -165?
163
In base 13, what is -1 + 134c?
134b
In base 10, what is -2 - 29?
-31
In base 2, what is 100 - 0?
100
In base 4, what is -22300 + -1?
-22301
In base 5, what is 2301 - 2?
2244
In base 6, what is 11 - 3402?
-3351
In base 6, what is -13123 + -3?
-13130
In base 14, what is -11b6 + -2?
-11b8
In base 13, what is 15b - 53?
108
In base 12, what is -5 + -63b?
-644
In base 11, what is -8362 + 0?
-8362
In base 11, what is -4 - -325?
321
In base 10, what is 1331 + -3?
1328
In base 2, what is -10 - -1001001110111?
1001001110101
In base 3, what is 101212 + 11?
102000
In base 7, what is -3036 + -4?
-3043
In base 3, what is 2 + -200210?
-200201
In base 2, what is 111101101 + 1?
111101110
In base 13, what is 11 - 21?
-10
In base 5, what is 100 + -10?
40
In base 15, what is 5c - -1?
5d
In base 3, what is 2002 - -10?
2012
In base 15, what is 306 - -3?
309
In base 8, what is -7 - -2233?
2224
In base 8, what is -5 - 127?
-134
In base 3, what is 2201021 + -10?
2201011
In base 11, what is 973 - -2?
975
In base 6, what is -512 - 5?
-521
In base 11, what is 178 + -4?
174
In base 8, what is 43 + 251?
314
In base 7, what is 111 - 2?
106
In base 15, what is -46 - -1d?
-28
In base 9, what is 14353 - 1?
14352
In base 13, what is -66 + 6a?
4
In base 15, what is 5e + -4?
5a
In base 16, what is 5 - ab?
-a6
In base 6, what is -3 - 11?
-14
In base 9, what is 6 + 27?
34
In base 10, what is 105 + -4?
101
In base 8, what is 6 - 431?
-423
In base 6, what is -10 + -21300?
-21310
In base 11, what is 5 + 5606?
5610
In base 16, what is -ea6 + 4?
-ea2
In base 12, what is 7 - -b?
16
In base 2, what is 1010010 - -100?
1010110
In base 11, what is -a76 + -5?
-a80
In base 4, what is -103121 + -11?
-103132
In base 2, what is 1 - -10111111000?
10111111001
In base 9, what is 88 - 4?
84
In base 9, what is -1 - -52?
51
In base 3, what is 0 + 11010201?
11010201
In base 12, what is 10 - 11?
-1
In base 16, what is 0 + db?
db
In base 12, what is -1 - 20?
-21
In base 14, what is -3 - 5?
-8
In base 10, what is -301 - 5?
-306
In base 11, what is -89 + 13?
-76
In base 15, what is 0 - 45?
-45
In base 6, what is 1030 + 3?
1033
In base 3, what is -11012 + 2?
-11010
In base 4, what is -3 + 130?
121
In base 16, what is 3 - -e?
11
In base 7, what is -110 + 100?
-10
In base 12, what is -3 + -205?
-208
In base 3, what is 10022100 + 0?
10022100
In base 12, what is 33 + 2?
35
In base 16, what is b + 68d?
698
In base 14, what is -2 - -12?
10
In base 8, what is -3 - -1600?
1575
In base 15, what is 297 - 0?
297
In base 9, what is -10772 - -5?
-10766
In base 15, what is -5 - -282?
27c
In base 8, what is -254 + 1?
-253
In base 12, what is 5 - 633?
-62a
In base 7, what is -3 - 615?
-621
In base 7, what is 4 + 251?
255
In base 9, what is 2467 + -1?
2466
In base 6, what is 131 + 4?
135
In base 13, what is -31a6 + -3?
-31a9
In base 6, what is 2 + -